 the remainder when 126779613 is divided by 25.
13
What is the remainder when 8522131 is divided by 777?
772
What is the remainder when 718410 is divided by 3421?
0
Calculate the remainder when 5723692 is divided by 5723678.
14
Calculate the remainder when 338098 is divided by 10234.
376
What is the remainder when 5067335 is divided by 723845?
420
What is the remainder when 1075357 is divided by 141?
91
What is the remainder when 14473721 is divided by 265?
216
Calculate the remainder when 27431999 is divided by 250.
249
What is the remainder when 12630995 is divided by 28?
27
What is the remainder when 40317 is divided by 12658?
2343
Calculate the remainder when 559579 is divided by 11.
9
Calculate the remainder when 3799085 is divided by 949.
238
Calculate the remainder when 372847 is divided by 8102.
155
What is the remainder when 46390 is divided by 50?
40
Calculate the remainder when 685850 is divided by 114302.
38
Calculate the remainder when 10846080 is divided by 2692.
12
What is the remainder when 90443 is divided by 324?
47
Calculate the remainder when 8858233 is divided by 563.
554
What is the remainder when 47286539 is divided by 17?
2
Calculate the remainder when 12251 is divided by 3533.
1652
Calculate the remainder when 2707468 is divided by 902484.
16
Calculate the remainder when 333885 is divided by 111199.
288
What is the remainder when 611336 is divided by 2231?
42
Calculate the remainder when 62544827 is divided by 9363.
9350
Calculate the remainder when 126333 is divided by 533.
12
What is the remainder when 6228145 is divided by 168326?
83
What is the remainder when 5491 is divided by 2587?
317
What is the remainder when 1564068 is divided by 391017?
0
Calculate the remainder when 21995 is divided by 934.
513
Calculate the remainder when 293071 is divided by 8879.
64
What is the remainder when 50458242 is divided by 52?
42
What is the remainder when 71835 is divided by 2708?
1427
What is the remainder when 6108418 is divided by 76355?
18
Calculate the remainder when 25351 is divided by 13.
1
What is the remainder when 645589991 is divided by 179?
178
What is the remainder when 5612006 is divided by 47?
18
Calculate the remainder when 246876 is divided by 124.
116
What is the remainder when 55581 is divided by 1400?
981
Calculate the remainder when 1283737 is divided by 98748.
13
What is the remainder when 15902057 is divided by 2628?
29
Calculate the remainder when 2227664 is divided by 3094.
3078
What is the remainder when 1421817 is divided by 2477?
19
Calculate the remainder when 885638 is divided by 292673.
7619
Calculate the remainder when 128591 is divided by 21423.
53
What is the remainder when 85492 is divided by 17084?
72
What is the remainder when 18200746 is divided by 470?
466
Calculate the remainder when 141038 is divided by 226.
14
What is the remainder when 1887075 is divided by 2533?
2523
What is the remainder when 5754400 is divided by 54?
52
What is the remainder when 141528 is divided by 1011?
999
What is the remainder when 3554672 is divided by 592308?
824
What is the remainder when 338615 is divided by 8062?
11
Calculate the remainder when 957839336 is divided by 199.
198
What is the remainder when 1004831 is divided by 185?
96
What is the remainder when 15213351 is divided by 77?
76
What is the remainder when 1779038 is divided by 13178?
8
What is the remainder when 266398759 is divided by 860?
859
What is the remainder when 522678 is divided by 23449?
6800
What is the remainder when 196073 is divided by 152?
145
What is the remainder when 77285363 is divided by 4830335?
3
Calculate the remainder when 28073129 is divided by 30.
29
What is the remainder when 21982 is divided by 21811?
171
Calculate the remainder when 117463 is divided by 3089.
81
Calculate the remainder when 2317046 is divided by 384.
374
What is the remainder when 223058 is divided by 11152?
18
Calculate the remainder when 41206 is divided by 41180.
26
What is the remainder when 130556 is divided by 2562?
2456
Calculate the remainder when 4102 is divided by 2147.
1955
Calculate the remainder when 1908367 is divided by 1908362.
5
Calculate the remainder when 4076897 is divided by 679461.
131
Calculate the remainder when 5189139 is divided by 741304.
11
What is the remainder when 9904 is divided by 3466?
2972
Calculate the remainder when 59016707 is divided by 25.
7
What is the remainder when 3010961 is divided by 2710?
151
What is the remainder when 16939164 is divided by 321?
315
What is the remainder when 1813075 is divided by 293?
284
What is the remainder when 54454 is divided by 1384?
478
Calculate the remainder when 7925 is divided by 392.
85
Calculate the remainder when 7841625 is divided by 1169.
1142
Calculate the remainder when 95139 is divided by 960.
99
What is the remainder when 93598 is divided by 3750?
3598
What is the remainder when 23820 is divided by 2349?
330
What is the remainder when 61072849 is divided by 2544702?
1
Calculate the remainder when 111723145 is divided by 38.
29
Calculate the remainder when 111294975 is divided by 1563.
1560
What is the remainder when 453854 is divided by 68?
22
What is the remainder when 331013 is divided by 329785?
1228
Calculate the remainder when 4468856 is divided by 1489556.
188
Calculate the remainder when 14231451 is divided by 7115722.
7
Calculate the remainder when 129158 is divided by 9917.
237
Calculate the remainder when 263809 is divided by 2805.
139
What is the remainder when 4661 is divided by 360?
341
What is the remainder when 651282 is divided by 85?
12
Calculate the remainder when 22006606 is divided by 1194.
1186
Calculate the remainder when 224279 is divided by 72.
71
Calculate the remainder when 154124 is divided by 828.
116
Calculate the remainder when 762158 is divided by 254023.
89
Calculate the remainder when 49496 is divided by 5279.
1985
What is the remainder when 3256679 is divided by 1479?
1400
Calculate the remainder when 945869 is divided by 236459.
33
Calculate the remainder when 4838807 is divided by 48876.
83
Calculate the remainder when 11341256 is divided by 286.
212
What is the remainder when 1448711 is divided by 34493?
5
Calculate the remainder when 9867785 is divided by 512.
9
Calculate the remainder when 50685778 is divided by 2203729.
11
What is the remainder when 356941 is divided by 3245?
3236
What is the remainder when 41893705 is divided by 79?
5
What is the remainder when 143643255 is divided by 33?
30
What is the remainder when 786567 is divided by 15?
12
Calculate the remainder when 4315074 is divided by 154.
148
What is the remainder when 562523 is divided by 493?
10
Calculate the remainder when 1140732 is divided by 110.
32
What is the remainder when 4899398 is divided by 1090?
938
Calculate the remainder when 100467596 is divided by 33489197.
5
Calculate the remainder when 3227184 is divided by 149.
142
What is the remainder when 58868 is divided by 14351?
1464
What is the remainder when 93892 is divided by 3063?
2002
Calculate the remainder when 1713067 is divided by 342532.
407
What is the remainder when 4130503519 is divided by 88?
87
What is the remainder when 10593040 is divided by 436?
420
Calculate the remainder when 142053554 is divided by 1670.
14
Calculate the remainder when 617503 is divided by 338.
315
What is the remainder when 459266504 is divided by 2798?
2784
What is the remainder when 4736200 is divided by 1203?
1192
What is the remainder when 38212589 is divided by 16?
13
What is the remainder when 4518909 is divided by 23?
7
Calculate the remainder when 227651 is divided by 16254.
95
What is the remainder when 4663882 is divided by 31?
25
Calculate the remainder when 184443 is divided by 996.
183
What is the remainder when 650691 is divided by 1098?
675
What is the remainder when 878881 is divided by 541?
297
What is the remainder when 34562347 is divided by 19?
17
Calculate the remainder when 3072148 is divided by 215.
13
Calculate the remainder when 1358049 is divided by 207.
129
Calculate the remainder when 2745835 is divided by 1833.
1
What is the remainder when 1219847 is divided by 174259?
34
Calculate the remainder when 580688 is divided by 323.
257
What is the remainder when 355419 is divided by 114